 is the tens digit of 1474?
7
What is the hundreds digit of 789?
7
What is the hundreds digit of 61371?
3
What is the units digit of 114?
4
What is the ten thousands digit of 153114?
5
What is the thousands digit of 41735?
1
What is the hundreds digit of 640?
6
What is the tens digit of 29911?
1
What is the hundreds digit of 36539?
5
What is the tens digit of 987?
8
What is the tens digit of 357?
5
What is the hundreds digit of 170?
1
What is the units digit of 81339?
9
What is the hundreds digit of 1182?
1
What is the thousands digit of 1038?
1
What is the hundreds digit of 191?
1
What is the hundreds digit of 4740?
7
What is the hundreds digit of 3127?
1
What is the hundreds digit of 1757?
7
What is the tens digit of 1161?
6
What is the ten thousands digit of 51854?
5
What is the ten thousands digit of 26406?
2
What is the tens digit of 9673?
7
What is the thousands digit of 4660?
4
What is the thousands digit of 5439?
5
What is the tens digit of 69001?
0
What is the ten thousands digit of 24752?
2
What is the ten thousands digit of 26247?
2
What is the hundreds digit of 1839?
8
What is the units digit of 8509?
9
What is the tens digit of 14280?
8
What is the thousands digit of 36145?
6
What is the units digit of 642?
2
What is the thousands digit of 30588?
0
What is the tens digit of 12449?
4
What is the tens digit of 4120?
2
What is the ten thousands digit of 72757?
7
What is the hundreds digit of 152362?
3
What is the hundreds digit of 4475?
4
What is the tens digit of 28563?
6
What is the tens digit of 2490?
9
What is the ten thousands digit of 61591?
6
What is the hundreds digit of 9113?
1
What is the hundreds digit of 369?
3
What is the hundreds digit of 3311?
3
What is the thousands digit of 37048?
7
What is the units digit of 6697?
7
What is the units digit of 3777?
7
What is the thousands digit of 10944?
0
What is the units digit of 1222?
2
What is the tens digit of 21584?
8
What is the tens digit of 16714?
1
What is the units digit of 1746?
6
What is the units digit of 30205?
5
What is the tens digit of 28874?
7
What is the tens digit of 443?
4
What is the thousands digit of 5176?
5
What is the tens digit of 3452?
5
What is the hundreds digit of 481?
4
What is the hundreds digit of 12792?
7
What is the tens digit of 387?
8
What is the thousands digit of 4696?
4
What is the ten thousands digit of 18548?
1
What is the tens digit of 3383?
8
What is the tens digit of 509?
0
What is the tens digit of 7819?
1
What is the ten thousands digit of 26249?
2
What is the units digit of 188?
8
What is the hundreds digit of 23119?
1
What is the tens digit of 627?
2
What is the tens digit of 289?
8
What is the hundreds digit of 26681?
6
What is the hundreds digit of 1923?
9
What is the hundreds digit of 5445?
4
What is the tens digit of 2598?
9
What is the tens digit of 667?
6
What is the tens digit of 557?
5
What is the units digit of 91387?
7
What is the hundred thousands digit of 197004?
1
What is the thousands digit of 5850?
5
What is the thousands digit of 4237?
4
What is the units digit of 1125?
5
What is the thousands digit of 4761?
4
What is the ten thousands digit of 10480?
1
What is the units digit of 45587?
7
What is the tens digit of 12086?
8
What is the hundreds digit of 712?
7
What is the units digit of 12737?
7
What is the units digit of 24926?
6
What is the thousands digit of 1173?
1
What is the hundreds digit of 58943?
9
What is the hundreds digit of 11075?
0
What is the thousands digit of 29413?
9
What is the units digit of 255?
5
What is the hundreds digit of 49268?
2
What is the units digit of 6697?
7
What is the hundreds digit of 70341?
3
What is the ten thousands digit of 102926?
0
What is the tens digit of 1348?
4
What is the thousands digit of 1491?
1
What is the hundreds digit of 2950?
9
What is the thousands digit of 2684?
2
What is the units digit of 93452?
2
What is the thousands digit of 1529?
1
What is the tens digit of 18868?
6
What is the thousands digit of 43399?
3
What is the units digit of 1502?
2
What is the thousands digit of 92976?
2
What is the thousands digit of 3073?
3
What is the ten thousands digit of 18560?
1
What is the tens digit of 2345?
4
What is the tens digit of 3381?
8
What is the tens digit of 3113?
1
What is the thousands digit of 1489?
1
What is the tens digit of 1012?
1
What is the tens digit of 43773?
7
What is the hundreds digit of 4357?
3
What is the units digit of 1681?
1
What is the thousands digit of 2133?
2
What is the units digit of 5368?
8
What is the hundred thousands digit of 117541?
1
What is the ten thousands digit of 38524?
3
What is the hundreds digit of 480?
4
What is the tens digit of 574?
7
What is the units digit of 152141?
1
What is the hundreds digit of 374?
3
What is the units digit of 5219?
9
What is the units digit of 4157?
7
What is the hundreds digit of 23180?
1
What is the tens digit of 20880?
8
What is the hundreds digit of 2254?
2
What is the units digit of 101711?
1
What is the ten thousands digit of 23642?
2
What is the units digit of 1750?
0
What is the thousands digit of 4789?
4
What is the units digit of 1635?
5
What is the thousands digit of 1587?
1
What is the hundreds digit of 2254?
2
What is the units digit of 58872?
2
What is the tens digit of 2689?
8
What is the thousands digit of 5290?
5
What is the units digit of 5972?
2
What is the tens digit of 9038?
3
What is the tens digit of 9432?
3
What is the hundreds digit of 3800?
8
What is the hundreds digit of 3268?
2
What is the hundreds digit of 11241?
2
What is the tens digit of 906?
0
What is the hundreds digit of 40762?
7
What is the thousands digit of 27654?
7
What is the units digit of 65737?
7
What is the thousands digit of 1505?
1
What is the tens digit of 5106?
0
What is the thousands digit of 91480?
1
What is the units digit of 96400?
0
What is the hundreds digit of 202?
2
What is the thousands digit of 21849?
1
What is the ten thousands digit of 24418?
2
What is the hundreds digit of 216?
2
What is the tens digit of 391?
9
What is the hundreds digit of 854?
8
What is the thousands digit of 28354?
8
What is the tens digit of 800?
0
What is the ten thousands digit of 23559?
2
What is the thousands digit of 1996?
1
What is the units digit of 740?
0
What is the ten thousands digit of 66990?
6
What is the tens digit of 1175?
7
What is the units digit of 1770?
0
What is the ten thousands digit of 13314?
1
What is the units digit of 3230?
0
What is the tens digit of 46763?
6
What is the tens digit of 39981?
8
What is the units digit of 1337?
7
What is the tens digit of 965?
6
What is the units digit of 1?
1
What is the units digit of 3338?
8
What is the thousands digit of 5387?
5
What is the hundreds digit of 56205?
2
What is the thousands digit of 88124?
8
What is the hundreds digit of 2731?
7
What is the hundreds digit of 675?
6
What is the tens digit of 1122?
2
What is the thousands digit of 3831?
3
What is the ten thousands digit of 123682?
2
What is the units digit of 61073?
3
What is the ten thousands digit of 49948?
4
What is the hundreds digit of 145?
1
What is the hundreds digit of 2402?
4
What is the units digit of 31826?
6
What is the thousands digit of 1540?
1
What is the tens digit of 250?
5
What is the hundreds digit of 3397?
3
What is the thousands digit of 3485?
3
What is the tens digit of 8032?
3
What is the hundreds digit of 12402?
4
What is the units digit of 5693?
3
What is the units digit of 2432?
2
What is the hundreds digit of 24358?
3
What is the ten thousands digit of 18297?
1
What is the tens digit of 2299?
9
What is the thousands digit of 35650?
5
What is the thousands digit of 34438?
4
What is the ten thousands digit of 27807?
2
What is the thousands digit of 2159?
2
What is the ten thousands digit of 35236?
3
What is the hundreds digit of 7084?
0
What is the hundred thousands digit of 128339?
1
What is the hundreds digit of 794?
7
What is the hundreds digit of 602?
6
What is the hundreds digit of 1714?
7
What is the ten thousands digit of 13248?
1
What is the tens digit of 275?
7
What is the units digit of 23437?
7
What is the thousands digit of 36844?
6
What is the units digit of 91?
1
What is the hundreds digit of 54166?
1
What is the thousands digit of 7127?
7
What i